{"id":674,"date":"2025-10-09T11:53:30","date_gmt":"2025-10-09T04:53:30","guid":{"rendered":"https:\/\/fitness.mispeptidosec.com\/?page_id=674"},"modified":"2026-04-05T00:07:05","modified_gmt":"2026-04-05T05:07:05","slug":"about-us","status":"publish","type":"page","link":"https:\/\/fitness.mispeptidosec.com\/?page_id=674","title":{"rendered":"About Us"},"content":{"rendered":"\t\t<div data-elementor-type=\"wp-page\" data-elementor-id=\"674\" class=\"elementor elementor-674\">\n\t\t\t\t<div class=\"elementor-element elementor-element-c7d696b e-flex e-con-boxed e-con e-parent\" data-id=\"c7d696b\" data-element_type=\"container\" data-e-type=\"container\">\n\t\t\t\t\t<div class=\"e-con-inner\">\n\t\t\t\t<div class=\"elementor-element elementor-element-900d1ab elementor-widget elementor-widget-heading\" data-id=\"900d1ab\" data-element_type=\"widget\" data-e-type=\"widget\" data-widget_type=\"heading.default\">\n\t\t\t\t\t<span class=\"elementor-heading-title elementor-size-default\">Acerca de nosotros<\/span>\t\t\t\t<\/div>\n\t\t\t\t<div class=\"elementor-element elementor-element-a2942b5 elementor-widget__width-initial elementor-widget elementor-widget-text-editor\" data-id=\"a2942b5\" data-element_type=\"widget\" data-e-type=\"widget\" data-widget_type=\"text-editor.default\">\n\t\t\t\t\t\t\t\t\t<p>En Mis P\u00e9ptidos Ec Fitness, filial de Mis P\u00e9ptidos Ec, nos especializamos en ofrecer p\u00e9ptidos de alta calidad orientados al rendimiento f\u00edsico, la recuperaci\u00f3n y el bienestar, garantizando confianza, seguridad y atenci\u00f3n profesional en cada producto.<\/p>\t\t\t\t\t\t\t\t<\/div>\n\t\t\t\t\t<\/div>\n\t\t\t\t<\/div>\n\t\t<div class=\"elementor-element elementor-element-3437cc3 e-flex e-con-boxed e-con e-parent\" data-id=\"3437cc3\" data-element_type=\"container\" data-e-type=\"container\">\n\t\t\t\t\t<div class=\"e-con-inner\">\n\t\t<div class=\"elementor-element elementor-element-0431ea5 e-con-full e-flex e-con e-child\" data-id=\"0431ea5\" data-element_type=\"container\" data-e-type=\"container\">\n\t\t\t\t<div class=\"elementor-element elementor-element-0595f0c elementor-widget elementor-widget-image\" data-id=\"0595f0c\" data-element_type=\"widget\" data-e-type=\"widget\" data-widget_type=\"image.default\">\n\t\t\t\t\t\t\t\t\t\t\t\t\t\t\t<img fetchpriority=\"high\" decoding=\"async\" width=\"2560\" height=\"985\" src=\"https:\/\/fitness.mispeptidosec.com\/wp-content\/uploads\/2026\/04\/banner-4-scaled.png\" class=\"elementor-animation-grow attachment-full size-full wp-image-1672\" alt=\"\" srcset=\"https:\/\/fitness.mispeptidosec.com\/wp-content\/uploads\/2026\/04\/banner-4-scaled.png 2560w, https:\/\/fitness.mispeptidosec.com\/wp-content\/uploads\/2026\/04\/banner-4-300x115.png 300w, https:\/\/fitness.mispeptidosec.com\/wp-content\/uploads\/2026\/04\/banner-4-1024x394.png 1024w, https:\/\/fitness.mispeptidosec.com\/wp-content\/uploads\/2026\/04\/banner-4-768x295.png 768w, https:\/\/fitness.mispeptidosec.com\/wp-content\/uploads\/2026\/04\/banner-4-1536x591.png 1536w, https:\/\/fitness.mispeptidosec.com\/wp-content\/uploads\/2026\/04\/banner-4-2048x788.png 2048w, https:\/\/fitness.mispeptidosec.com\/wp-content\/uploads\/2026\/04\/banner-4-800x308.png 800w, https:\/\/fitness.mispeptidosec.com\/wp-content\/uploads\/2026\/04\/banner-4-541x208.png 541w\" sizes=\"(max-width: 2560px) 100vw, 2560px\" \/>\t\t\t\t\t\t\t\t\t\t\t\t\t\t\t<\/div>\n\t\t\t\t<\/div>\n\t\t\t\t\t<\/div>\n\t\t\t\t<\/div>\n\t\t<div class=\"elementor-element elementor-element-7626ac6 e-flex e-con-boxed e-con e-parent\" data-id=\"7626ac6\" data-element_type=\"container\" data-e-type=\"container\">\n\t\t\t\t\t<div class=\"e-con-inner\">\n\t\t<div class=\"elementor-element elementor-element-d6f7b46 e-con-full e-flex e-con e-child\" data-id=\"d6f7b46\" data-element_type=\"container\" data-e-type=\"container\">\n\t\t\t\t<div class=\"elementor-element elementor-element-6917795 elementor-widget elementor-widget-heading\" data-id=\"6917795\" data-element_type=\"widget\" data-e-type=\"widget\" data-widget_type=\"heading.default\">\n\t\t\t\t\t<span class=\"elementor-heading-title elementor-size-default\">POR QU\u00c9 ELEGIRNOS<\/span>\t\t\t\t<\/div>\n\t\t\t\t<div class=\"elementor-element elementor-element-4302e9a elementor-widget elementor-widget-text-editor\" data-id=\"4302e9a\" data-element_type=\"widget\" data-e-type=\"widget\" data-widget_type=\"text-editor.default\">\n\t\t\t\t\t\t\t\t\t<p>Precisi\u00f3n, Calidad y Confianza<\/p>\t\t\t\t\t\t\t\t<\/div>\n\t\t\t\t<div class=\"elementor-element elementor-element-58f87cd elementor-widget elementor-widget-text-editor\" data-id=\"58f87cd\" data-element_type=\"widget\" data-e-type=\"widget\" data-widget_type=\"text-editor.default\">\n\t\t\t\t\t\t\t\t\t<p><img decoding=\"async\" class=\"emoji\" role=\"img\" draggable=\"false\" src=\"https:\/\/s.w.org\/images\/core\/emoji\/17.0.2\/svg\/2714.svg\" alt=\"\u2714\" \/>\u00a0Selecci\u00f3n bajo est\u00e1ndares de calidad<br data-start=\"1750\" data-end=\"1753\" \/><img decoding=\"async\" class=\"emoji\" role=\"img\" draggable=\"false\" src=\"https:\/\/s.w.org\/images\/core\/emoji\/17.0.2\/svg\/2714.svg\" alt=\"\u2714\" \/>\u00a0Productos confiables<br data-start=\"1775\" data-end=\"1778\" \/><img decoding=\"async\" class=\"emoji\" role=\"img\" draggable=\"false\" src=\"https:\/\/s.w.org\/images\/core\/emoji\/17.0.2\/svg\/2714.svg\" alt=\"\u2714\" \/>\u00a0Enfoque en innovaci\u00f3n<br data-start=\"1801\" data-end=\"1804\" \/><img decoding=\"async\" class=\"emoji\" role=\"img\" draggable=\"false\" src=\"https:\/\/s.w.org\/images\/core\/emoji\/17.0.2\/svg\/2714.svg\" alt=\"\u2714\" \/>\u00a0Experiencia profesional<\/p>\t\t\t\t\t\t\t\t<\/div>\n\t\t\t\t<\/div>\n\t\t<div class=\"elementor-element elementor-element-41445db e-con-full e-flex e-con e-child\" data-id=\"41445db\" data-element_type=\"container\" data-e-type=\"container\">\n\t\t\t\t<div class=\"elementor-element elementor-element-c4bacd6 elementor-widget elementor-widget-image\" data-id=\"c4bacd6\" data-element_type=\"widget\" data-e-type=\"widget\" data-widget_type=\"image.default\">\n\t\t\t\t\t\t\t\t\t\t\t\t\t\t\t<img decoding=\"async\" width=\"690\" height=\"470\" src=\"https:\/\/fitness.mispeptidosec.com\/wp-content\/uploads\/2026\/02\/about-us-img2.jpg\" class=\"elementor-animation-grow attachment-full size-full wp-image-1285\" alt=\"\" srcset=\"https:\/\/fitness.mispeptidosec.com\/wp-content\/uploads\/2026\/02\/about-us-img2.jpg 690w, https:\/\/fitness.mispeptidosec.com\/wp-content\/uploads\/2026\/02\/about-us-img2-300x204.jpg 300w, https:\/\/fitness.mispeptidosec.com\/wp-content\/uploads\/2026\/02\/about-us-img2-305x208.jpg 305w\" sizes=\"(max-width: 690px) 100vw, 690px\" \/>\t\t\t\t\t\t\t\t\t\t\t\t\t\t\t<\/div>\n\t\t\t\t<\/div>\n\t\t\t\t\t<\/div>\n\t\t\t\t<\/div>\n\t\t<div class=\"elementor-element elementor-element-d34b6d9 e-flex e-con-boxed e-con e-parent\" data-id=\"d34b6d9\" data-element_type=\"container\" data-e-type=\"container\">\n\t\t\t\t\t<div class=\"e-con-inner\">\n\t\t\t\t<div class=\"elementor-element elementor-element-0794589 elementor-widget elementor-widget-heading\" data-id=\"0794589\" data-element_type=\"widget\" data-e-type=\"widget\" data-widget_type=\"heading.default\">\n\t\t\t\t\t<h3 class=\"elementor-heading-title elementor-size-default\">Somos diferentes<\/h3>\t\t\t\t<\/div>\n\t\t<div class=\"elementor-element elementor-element-f2bfb43 e-con-full e-flex e-con e-child\" data-id=\"f2bfb43\" data-element_type=\"container\" data-e-type=\"container\">\n\t\t<div class=\"elementor-element elementor-element-5a9b858 e-con-full e-flex e-con e-child\" data-id=\"5a9b858\" data-element_type=\"container\" data-e-type=\"container\">\n\t\t\t\t<div class=\"elementor-element elementor-element-bfd2d8a elementor-widget__width-initial elementor-widget elementor-widget-ts-icon-image-box\" data-id=\"bfd2d8a\" data-element_type=\"widget\" data-e-type=\"widget\" data-widget_type=\"ts-icon-image-box.default\">\n\t\t\t\t<div class=\"elementor-widget-container\">\n\t\t\t\t\t\t\t<div class=\"ts-icon-image-box type-icon\">\n\t\t\t\t\t\t<div class=\"icon-image elementor-animation-\">\n\t\t\t\t<span class=\"elementor-icon\"><i class=\"icomoon-icon icon-brand-pocket\"><\/i><\/span>\t\t\t<\/div>\n\t\t\t<div class=\"box-content\">\n\t\t\t\t<h3 class=\"title\">Clientes que conf\u00edan<\/h3><div class=\"description\">Nuestros clientes vuelven por la calidad de nuestros productos y la confianza en cada compra.<\/div>\t\t\t<\/div>\n\t\t<\/div>\n\t\t\t\t\t\t<\/div>\n\t\t\t\t<\/div>\n\t\t\t\t<\/div>\n\t\t<div class=\"elementor-element elementor-element-280bac1 e-con-full e-flex e-con e-child\" data-id=\"280bac1\" data-element_type=\"container\" data-e-type=\"container\">\n\t\t\t\t<div class=\"elementor-element elementor-element-e64072c elementor-widget__width-initial elementor-widget elementor-widget-ts-icon-image-box\" data-id=\"e64072c\" data-element_type=\"widget\" data-e-type=\"widget\" data-widget_type=\"ts-icon-image-box.default\">\n\t\t\t\t<div class=\"elementor-widget-container\">\n\t\t\t\t\t\t\t<div class=\"ts-icon-image-box type-icon\">\n\t\t\t\t\t\t<div class=\"icon-image elementor-animation-\">\n\t\t\t\t<span class=\"elementor-icon\"><i class=\"icomoon-icon icon-truck-delivery\"><\/i><\/span>\t\t\t<\/div>\n\t\t\t<div class=\"box-content\">\n\t\t\t\t<h3 class=\"title\">Env\u00edos directos y seguros<\/h3><div class=\"description\">Gestionamos cada pedido directamente, garantizando seguridad, rapidez y control en todo el proceso.<\/div>\t\t\t<\/div>\n\t\t<\/div>\n\t\t\t\t\t\t<\/div>\n\t\t\t\t<\/div>\n\t\t\t\t<\/div>\n\t\t<div class=\"elementor-element elementor-element-5f4c3d7 e-con-full e-flex e-con e-child\" data-id=\"5f4c3d7\" data-element_type=\"container\" data-e-type=\"container\">\n\t\t\t\t<div class=\"elementor-element elementor-element-56fe9d9 elementor-widget__width-initial elementor-widget elementor-widget-ts-icon-image-box\" data-id=\"56fe9d9\" data-element_type=\"widget\" data-e-type=\"widget\" data-widget_type=\"ts-icon-image-box.default\">\n\t\t\t\t<div class=\"elementor-widget-container\">\n\t\t\t\t\t\t\t<div class=\"ts-icon-image-box type-icon\">\n\t\t\t\t\t\t<div class=\"icon-image elementor-animation-\">\n\t\t\t\t<span class=\"elementor-icon\"><i class=\"icomoon-icon icon-star-outline\"><\/i><\/span>\t\t\t<\/div>\n\t\t\t<div class=\"box-content\">\n\t\t\t\t<h3 class=\"title\">Testimonios reales<\/h3><div class=\"description\">Valoraciones aut\u00e9nticas de personas que ya han confiado en nuestros productos.<\/div>\t\t\t<\/div>\n\t\t<\/div>\n\t\t\t\t\t\t<\/div>\n\t\t\t\t<\/div>\n\t\t\t\t<\/div>\n\t\t\t\t<\/div>\n\t\t\t\t\t<\/div>\n\t\t\t\t<\/div>\n\t\t<div class=\"elementor-element elementor-element-1a8be4d e-flex e-con-boxed e-con e-parent\" data-id=\"1a8be4d\" data-element_type=\"container\" data-e-type=\"container\">\n\t\t\t\t\t<div class=\"e-con-inner\">\n\t\t<div class=\"elementor-element elementor-element-6a0b6fb e-con-full e-flex e-con e-child\" data-id=\"6a0b6fb\" data-element_type=\"container\" data-e-type=\"container\" data-settings=\"{&quot;background_background&quot;:&quot;classic&quot;}\">\n\t\t<div class=\"elementor-element elementor-element-a4fe88b e-con-full e-flex e-con e-child\" data-id=\"a4fe88b\" data-element_type=\"container\" data-e-type=\"container\">\n\t\t\t\t<div class=\"elementor-element elementor-element-d8ec972 elementor-widget elementor-widget-text-editor\" data-id=\"d8ec972\" data-element_type=\"widget\" data-e-type=\"widget\" data-widget_type=\"text-editor.default\">\n\t\t\t\t\t\t\t\t\t<p>SOLUCIONES CIENT\u00cdFICAS DE ALTA GAMA<\/p>\t\t\t\t\t\t\t\t<\/div>\n\t\t\t\t<div class=\"elementor-element elementor-element-80bbbc6 elementor-widget elementor-widget-heading\" data-id=\"80bbbc6\" data-element_type=\"widget\" data-e-type=\"widget\" data-widget_type=\"heading.default\">\n\t\t\t\t\t<h3 class=\"elementor-heading-title elementor-size-default\">M\u00c1XIMA POTENCIA DE SINERGIA METAB\u00d3LICA<\/h3>\t\t\t\t<\/div>\n\t\t\t\t<div class=\"elementor-element elementor-element-35bb8ce elementor-widget-mobile__width-initial elementor-widget elementor-widget-text-editor\" data-id=\"35bb8ce\" data-element_type=\"widget\" data-e-type=\"widget\" data-widget_type=\"text-editor.default\">\n\t\t\t\t\t\t\t\t\t<p>OPTIMIZACI\u00d3N COMPLETA DEL EJE GH CON FRAGMENTOS Y SECRETAGOGOS<\/p>\t\t\t\t\t\t\t\t<\/div>\n\t\t\t\t<\/div>\n\t\t\t\t<div class=\"elementor-element elementor-element-5781b34 elementor-widget elementor-widget-image\" data-id=\"5781b34\" data-element_type=\"widget\" data-e-type=\"widget\" data-widget_type=\"image.default\">\n\t\t\t\t\t\t\t\t\t\t\t\t\t\t\t<img decoding=\"async\" width=\"420\" height=\"250\" src=\"https:\/\/fitness.mispeptidosec.com\/wp-content\/uploads\/2026\/04\/banner-001.png\" class=\"attachment-full size-full wp-image-1654\" alt=\"\" srcset=\"https:\/\/fitness.mispeptidosec.com\/wp-content\/uploads\/2026\/04\/banner-001.png 420w, https:\/\/fitness.mispeptidosec.com\/wp-content\/uploads\/2026\/04\/banner-001-300x179.png 300w, https:\/\/fitness.mispeptidosec.com\/wp-content\/uploads\/2026\/04\/banner-001-349x208.png 349w\" sizes=\"(max-width: 420px) 100vw, 420px\" \/>\t\t\t\t\t\t\t\t\t\t\t\t\t\t\t<\/div>\n\t\t\t\t<div class=\"elementor-element elementor-element-03b9a85 elementor-widget elementor-widget-button\" data-id=\"03b9a85\" data-element_type=\"widget\" data-e-type=\"widget\" data-widget_type=\"button.default\">\n\t\t\t\t\t\t\t\t\t\t<a class=\"elementor-button elementor-button-link elementor-size-sm elementor-animation-pulse-grow\" href=\"https:\/\/fitness.mispeptidosec.com\/?product_cat=peptidos-perdida-grasa-metabolismo\">\n\t\t\t\t\t\t<span class=\"elementor-button-content-wrapper\">\n\t\t\t\t\t\t<span class=\"elementor-button-icon\">\n\t\t\t\t<i aria-hidden=\"true\" class=\"icomoon-icon icon-arrow-circle-right\"><\/i>\t\t\t<\/span>\n\t\t\t\t\t\t\t\t\t<span class=\"elementor-button-text\">m\u00e1s detalles<\/span>\n\t\t\t\t\t<\/span>\n\t\t\t\t\t<\/a>\n\t\t\t\t\t\t\t\t<\/div>\n\t\t\t\t<\/div>\n\t\t\t\t\t<\/div>\n\t\t\t\t<\/div>\n\t\t<div class=\"elementor-element elementor-element-61eea90 e-flex e-con-boxed e-con e-parent\" data-id=\"61eea90\" data-element_type=\"container\" data-e-type=\"container\">\n\t\t\t\t\t<div class=\"e-con-inner\">\n\t\t\t\t<div class=\"elementor-element elementor-element-0b93b08 elementor-widget elementor-widget-spacer\" data-id=\"0b93b08\" data-element_type=\"widget\" data-e-type=\"widget\" data-widget_type=\"spacer.default\">\n\t\t\t\t\t\t\t<div class=\"elementor-spacer\">\n\t\t\t<div class=\"elementor-spacer-inner\"><\/div>\n\t\t<\/div>\n\t\t\t\t\t\t<\/div>\n\t\t\t\t\t<\/div>\n\t\t\t\t<\/div>\n\t\t\t\t<\/div>\n\t\t","protected":false},"excerpt":{"rendered":"<p>Acerca de nosotros En Mis P\u00e9ptidos Ec Fitness, filial de Mis P\u00e9ptidos Ec, nos especializamos en ofrecer p\u00e9ptidos de alta calidad orientados al rendimiento f\u00edsico, la recuperaci\u00f3n y el bienestar, garantizando confianza, seguridad y atenci\u00f3n profesional en cada producto. POR QU\u00c9 ELEGIRNOS Precisi\u00f3n, Calidad y Confianza \u00a0Selecci\u00f3n bajo est\u00e1ndares de calidad\u00a0Productos confiables\u00a0Enfoque en innovaci\u00f3n\u00a0Experiencia profesional [&hellip;]<\/p>\n","protected":false},"author":1,"featured_media":0,"parent":0,"menu_order":0,"comment_status":"closed","ping_status":"closed","template":"","meta":{"rs_blank_template":"","rs_page_bg_color":"","slide_template_v7":"","footnotes":""},"class_list":["post-674","page","type-page","status-publish","hentry"],"aioseo_notices":[],"jetpack_sharing_enabled":true,"_links":{"self":[{"href":"https:\/\/fitness.mispeptidosec.com\/index.php?rest_route=\/wp\/v2\/pages\/674","targetHints":{"allow":["GET"]}}],"collection":[{"href":"https:\/\/fitness.mispeptidosec.com\/index.php?rest_route=\/wp\/v2\/pages"}],"about":[{"href":"https:\/\/fitness.mispeptidosec.com\/index.php?rest_route=\/wp\/v2\/types\/page"}],"author":[{"embeddable":true,"href":"https:\/\/fitness.mispeptidosec.com\/index.php?rest_route=\/wp\/v2\/users\/1"}],"replies":[{"embeddable":true,"href":"https:\/\/fitness.mispeptidosec.com\/index.php?rest_route=%2Fwp%2Fv2%2Fcomments&post=674"}],"version-history":[{"count":5,"href":"https:\/\/fitness.mispeptidosec.com\/index.php?rest_route=\/wp\/v2\/pages\/674\/revisions"}],"predecessor-version":[{"id":1681,"href":"https:\/\/fitness.mispeptidosec.com\/index.php?rest_route=\/wp\/v2\/pages\/674\/revisions\/1681"}],"wp:attachment":[{"href":"https:\/\/fitness.mispeptidosec.com\/index.php?rest_route=%2Fwp%2Fv2%2Fmedia&parent=674"}],"curies":[{"name":"wp","href":"https:\/\/api.w.org\/{rel}","templated":true}]}}